24?
False
Does 147 divide 553082?
False
Is 702 a factor of 1724112?
True
Is 12 a factor of 769317?
False
Is 132 a factor of 122797?
False
Is 38 a factor of 5342889?
False
Is 2319684 a multiple of 102?
True
Is 1831249 a multiple of 15?
False
Does 131 divide 109988?
False
Is 5096936 a multiple of 134?
False
Is 174 a factor of 5569919?
False
Does 305 divide 736052?
False
Is 3041980 a multiple of 22?
False
Does 454 divide 18921358?
True
Is 38859 a multiple of 69?
False
Is 6 a factor of 6941017?
False
Is 33878899 a multiple of 233?
True
Is 20 a factor of 972800?
True
Does 187 divide 1114146?
True
Is 3673138 a multiple of 7?
True
Does 80 divide 819186?
False
Is 27422 a multiple of 41?
False
Does 18 divide 1087690?
False
Is 431 a factor of 175177?
False
Is 18 a factor of 216682?
False
Does 28 divide 218232?
True
Is 337 a factor of 291168?
True
Is 131 a multiple of 20?
False
Is 1674175 a multiple of 835?
True
Does 36 divide 705492?
True
Is 19226262 a multiple of 66?
True
Is 13 a factor of 1202175?
True
Does 7 divide 17517218?
False
Does 14 divide 880138?
True
Is 352768 a multiple of 52?
True
Is 3413410 a multiple of 1694?
True
Does 171 divide 58256?
False
Is 101656 a multiple of 17?
False
Does 35 divide 1388342?
False
Does 25 divide 288825?
True
Does 33 divide 9791913?
False
Does 66 divide 531432?
True
Is 10 a factor of 4685496?
False
Is 129366 a multiple of 173?
False
Is 20 a factor of 4992438?
False
Is 1847274 a multiple of 31?
False
Does 16 divide 3025058?
False
Does 16 divide 1692112?
True
Is 394 a factor of 143810?
True
Is 9857492 a multiple of 297?
False
Is 4 a factor of 27517?
False
Is 121230 a multiple of 6?
True
Is 881 a factor of 1606944?
True
Is 12 a factor of 595966?
False
Is 156889 a multiple of 484?
False
Does 12 divide 148408?
False
Does 622 divide 1357204?
True
Does 34 divide 88530?
False
Does 654 divide 915600?
True
Does 7 divide 114366?
True
Is 22 a factor of 26598?
True
Is 210 a factor of 35543?
False
Does 80 divide 346470?
False
Is 221480 a multiple of 245?
True
Does 11 divide 65410?
False
Is 55 a factor of 1344860?
True
Is 259 a factor of 13425524?
True
Does 342 divide 189442?
False
Is 4 a factor of 374872?
True
Is 1824519 a multiple of 753?
True
Is 494410 a multiple of 5?
True
Does 48 divide 48912?
True
Is 199 a factor of 350117?
False
Does 8 divide 618992?
True
Is 149 a factor of 681478?
False
Is 125530 a multiple of 73?
False
Is 424424 a multiple of 56?
True
Is 364918 a multiple of 132?
False
Is 9 a factor of 41751?
True
Does 99 divide 3319576?
False
Is 393550 a multiple of 8?
False
Is 21 a factor of 582057?
True
Is 33 a factor of 7927260?
True
Does 93 divide 2550387?
False
Does 31 divide 2445691?
False
Is 124071 a multiple of 225?
False
Is 82804 a multiple of 21?
False
Does 15 divide 102795?
True
Is 18 a factor of 505854?
True
Is 42907 a multiple of 32?
False
Is 663681 a multiple of 33?
False
Does 36 divide 349308?
True
Is 12610179 a multiple of 9?
True
Is 16 a factor of 25459?
False
Is 20 a factor of 725040?
True
Does 157 divide 32696783?
False
Does 17 divide 25687?
True
Does 79 divide 130626?
False
Is 542 a factor of 175608?
True
Does 21 divide 2780524?
False
Is 4349928 a multiple of 11?
True
Does 29 divide 264074?
True
Does 26 divide 65077?
False
Is 412 a factor of 225364?
True
Is 378392 a multiple of 7?
True
Is 5406 a multiple of 256?
False
Is 2037 a factor of 1672377?
True
Is 119459 a multiple of 35?
False
Does 341 divide 190001?
False
Is 4215900 a multiple of 690?
True
Is 27 a factor of 905580?
True
Does 16 divide 177103?
False
Is 34 a factor of 26325?
False
Is 24 a factor of 21404?
False
Is 1752534 a multiple of 294?
True
Is 241462 a multiple of 37?
True
Is 19 a factor of 2679?
True
Is 188775 a multiple of 143?
False
Is 9094596 a multiple of 14?
True
Is 11 a factor of 7556615?
True
Does 38 divide 210709?
False
Is 539040 a multiple of 160?
True
Does 143 divide 6469374?
False
Is 56 a factor of 5040?
True
Is 135736 a multiple of 38?
True
Does 7 divide 30904?
False
Is 89 a factor of 526209?
False
Is 90 a factor of 157770?
True
Is 3136472 a multiple of 571?
False
Is 120960 a multiple of 12?
True
Does 29 divide 4151118?
True
Does 28 divide 501651?
False
Is 41 a factor of 235402?
False
Is 132 a factor of 3173808?
True
Does 62 divide 354616?
False
Is 23 a factor of 55469?
False
Is 19 a factor of 289645?
False
Is 8108177 a multiple of 49?
True
Is 21962400 a multiple of 300?
True
Is 1025932 a multiple of 229?
False
Is 85 a factor of 2749653?
False
Does 12 divide 298562?
False
Does 54 divide 48762?
True
Is 77 a factor of 306117?
False
Does 7 divide 1481?
False
Is 91 a factor of 180677?
False
Is 272664 a multiple of 12?
True
Is 25 a factor of 1508216?
False
Does 61 divide 263337?
True
Is 24 a factor of 297576?
True
Is 10 a factor of 1080920?
True
Is 17 a factor of 3529?
False
Does 78 divide 43473?
False
Is 96 a factor of 492444?
False
Does 192 divide 262350?
False
Does 47 divide 1749935?
False
Is 26243 a multiple of 7?
True
Is 115 a factor of 15065?
True
Is 52 a factor of 2023216?
True
Does 66 divide 2730156?
True
Is 146 a factor of 26134?
True
Does 12 divide 14117988?
True
Is 2236526 a multiple of 923?
False
Is 55 a factor of 2944643?
False
Is 90219 a multiple of 36?
False
Does 119 divide 3426574?
False
Is 1874635 a multiple of 17?
False
Does 20 divide 381782?
False
Is 28 a factor of 117768?
True
Does 6 divide 21449?
False
Is 195839 a multiple of 12?
False
Does 10 divide 109340?
True
Is 316476 a multiple of 298?
True
Is 20 a factor of 738248?
False
Is 5756804 a multiple of 7?
False
Is 13 a factor of 6126302?
True
Is 23 a factor of 931684?
True
Does 43 divide 24740501?
False
Is 61940 a multiple of 10?
True
Is 2825340 a multiple of 1470?
True
Is 120 a factor of 173640?
True
Is 5 a factor of 663225?
True
Does 33 divide 288911?
False
Does 362 divide 17738?
True
Does 686 divide 155142?
False
Is 164226 a multiple of 219?
False
Is 77045 a multiple of 17?
False
Is 639147 a multiple of 177?
True
Is 246 a factor of 7428160?
False
Does 431 divide 192226?
True
Does 14 divide 217574?
True
Does 196 divide 933744?
True
Is 716649 a multiple of 52?
False
Is 1268715 a multiple of 43?
True
Is 173801 a multiple of 4?
False
Does 10 divide 25620?
True
Is 40 a factor of 50?
False
Does 13 divide 11635?
True
Does 308 divide 18319113?
False
Is 12 a factor of 806700?
True
Is 1541272 a multiple of 157?
False
Is 1985455 a multiple of 1047?
False
Does 121 divide 92323?
True
Does 18 divide 10596662?
False
Does 128 divide 2099968?
True
Is 362604 a multiple of 134?
True
Is 263 a factor of 331030?
False
Does 40 divide 285083?
False
Is 35 a factor of 177520?
True
Does 36 divide 5003244?
True
Does 35 divide 4259134?
False
Is 2750471 a multiple of 306?
False
Is 5757331 a multiple of 41?
False
Is 231198 a multiple of 15?
False
Is 59 a factor of 2887?
False
Does 28 divide 52675?
False
Is 75 a factor of 217050?
True
Is 769942 a multiple of 464?
False
Is 156 a factor of 356756?
False
Does 181 divide 2253450?
True
Is 83 a factor of 633622?
True
Is 66 a factor of 258473?
False
Is 11 a factor of 2948?
True
Is 93 a factor of 930?
True
Is 11 a factor of 19848224?
True
Is 5782784 a multiple of 128?
True
Is 43 a factor of 7283954?
False
Is 42615 a multiple of 316?
False
Is 5933166 a multiple of 32?
False
Is 7 a factor of 178269?
True
Does 1412 divide 11294588?
True
Is 569592 a multiple of 324?
True
Is 1313 a factor of 2970832?
False
Is 11 a factor of 142231?
False
Does 311 divide 803035?
False
Does 52 divide 7332?
True
Is 11 a factor of 16798760?
True
Is 3278133 a multiple of 649?
False
Does 476 divide 81396?
True
Is 379457 a multiple of 17?
True
Is 3 a factor of 171693?
True
Is 58014 a multiple of 23?
False
Does 15 divide 478142?
False
Does 476 divide 2909696?
False
Is 825 a factor of 8233333?
False
Does 5 divide 1319195?
True
Does 48 divide 22272?
True
Is 562025 a multiple of 7?
False
Does 60 divide 246516?
False
Is 1550070 a multiple of 90?
True
Does 32 divide 694336?
True
Does 1125 divide 31360500?
True
Is 16 a factor of 274468?
False
Is 57 a factor of 17237?
False
Is 6 a factor of 202094?
False
Is 21760 a multiple of 136?
True
Is 72864 a multiple of 198?
True
Does 90 divide 5437800?
True
Is 31 a factor of 2074489?
True
Is 25 a factor of 3201371?
False
Does 1233 divide